hat is the units digit of x?
5
Suppose 0 = 4*v - 20, -2*f - 121 = -3*f - 2*v. What is the units digit of f?
1
Let h = 3 + -7. Let f(t) = -4*t + 3. What is the tens digit of f(h)?
1
Let d(k) = -k**3 + 7*k**2 - 4*k - 8. Let i = 1 + 5. Let z be d(i). Suppose 0 = f - 3*f + z. What is the units digit of f?
2
Let g(m) = 5*m**2. Let u be g(1). Let t(d) = 5*d - 6. What is the units digit of t(u)?
9
Suppose 4*f + 2*b + b - 120 = 0, b + 104 = 4*f. What is the units digit of f - (-3 - -3)/(-4)?
7
Suppose 0*j + j + 6 = 0. Let x = -7 + -3. Let b = j - x. What is the units digit of b?
4
Let k = -6 - -11. Suppose 5*t - 4*m - 119 = 0, -2*m + 82 = k*t - 61. Suppose 22 = -3*w + 5*y, 2*w + 3*y = -2*y + t. What is the units digit of w?
1
Suppose -3*d = -4*o + 3*o - 15, -5*o = 0. Suppose 0*k = -2*f - d*k + 21, 4*f - 3 = 3*k. Let w = 5 - f. What is the units digit of w?
2
Let a(k) = 3*k**2 - 17*k + 12. What is the tens digit of a(8)?
6
Let y(s) = -2 - 5*s**2 + 8*s**2 - 2*s**2. What is the units digit of y(-2)?
2
Let x = 3 + -5. Let i be x/(-12) + (-2)/12. What is the units digit of (-12)/(-4) - (i - 10)?
3
Let k = -25 - -137. Suppose 3*m + 5*g = 60, 3*g - 7*g - k = -4*m. What is the tens digit of m?
2
Let y = -6 + 7. Let f be (-3 + y)/((-1)/1). What is the units digit of (f - (-3 + -2)) + 1?
8
Let x = 53 + -37. Suppose -5*u + 60 = 3*z, z - 5*z = -4*u + x. What is the units digit of u?
9
Let f = -3 - -7. Suppose -3*m + 6*m = -4*a - 13, -2*a - 4 = f*m. What is the tens digit of -1 - a/((-12)/(-33))?
1
Suppose -b = -4*p - 3*b + 166, 4*b - 12 = 0. What is the units digit of p?
0
Let u be 8/(-6)*(-3)/2. Suppose -3*f + 3*g = 12, 2 = u*f + 2*g - 6. What is the units digit of (-2 - -1) + f + 7?
6
Let y = 100 - 40. What is the units digit of y?
0
Let x = -8 + 10. Let s(n) = 13 - 5*n + 10*n**x - 5*n + n**3 + 0*n. What is the units digit of s(-11)?
2
Let s be 1/((-3)/(-3))*-1. Let b be (0 + (-2)/1)*s. Let p(d) = 7*d - 3. What is the units digit of p(b)?
1
Suppose 4*p - 17 = -a, 3*a = 4*p - 0*p - 13. Suppose -3*x - 5 = -p*x. What is the units digit of x?
5
Let f(i) = 2*i - 4. Let m be f(4). Let g = m + -4. Let c(q) = q**2 - q + 8. What is the units digit of c(g)?
8
Suppose -8*m + 5*m = 0. Let r(g) = -g**2 + 36. Let i be r(m). Suppose -x + 0*x = -4*w - 9, 4*x = -4*w + i. What is the units digit of x?
9
Let i(b) = -b**3 - 5*b**2 - b - 5. Let n be i(-5). Suppose -3*w + 24 + 18 = n. What is the tens digit of w?
1
Let o(g) be the third derivative of g**6/120 + g**5/10 + 5*g**4/24 + g**3 - g**2. What is the units digit of o(-4)?
8
Let b = -6 + 5. Let i be (1 - b)*5/2. Suppose 4*y + 5 = -2*m + 51, 0 = i*y - 5*m - 50. What is the tens digit of y?
1
Suppose -68 = 2*a - 6*a. What is the tens digit of a?
1
Let t(m) be the first derivative of 25*m**3/3 - m**2 + m - 1. Let x be t(1). Suppose 5*v - 3*i - 32 = x, 0 = 2*v + i - 29. What is the units digit of v?
3
Suppose -15*t + 11*t = -424. What is the units digit of t?
6
Let s(y) be the second derivative of y**6/240 - y**5/15 + y**4/4 + 2*y. Let d(v) be the third derivative of s(v). What is the units digit of d(7)?
3
Suppose 5*j + 148 = 3*s - 5*s, -3*j = -5*s + 64. Let w = j - -39. What is the units digit of w?
1
Let v(z) = z - 2. Let h be v(4). Suppose 0 = -5*n + 61 - 1. Let y = n - h. What is the units digit of y?
0
Suppose -2*s - 14 = -70. Let r = 44 - s. What is the units digit of r?
6
Let x(s) = -s**3 - 6*s**2 + 4*s. Let v(h) = h**2 + 6*h - 2. Let m be v(-5). What is the units digit of x(m)?
1
Let d(x) = x**3 + 4*x**2 - x. Let c be d(-3). Suppose -15*o + c*o = -81. What is the units digit of o?
7
Let i be ((-9)/(-12))/((-1)/(-4)). Let x(w) = -i + 3*w**3 - 4*w**3 + 5*w**2 - 1 - 2*w. What is the units digit of x(4)?
4
Let i = -2 - 0. Let b be (i/6 + 1)*3. Suppose 12 = b*k + k. What is the units digit of k?
4
Let n(w) = -w + 2. Suppose a = -5*h - 29, h = -a + 4*a + 7. Let b be n(h). Let u(k) = k - 5. What is the units digit of u(b)?
2
Suppose 3*q = q - 12. Let x = q + 25. What is the tens digit of x?
1
Let g(w) = 4*w + 5. What is the tens digit of g(20)?
8
Let t = 90 - 51. What is the tens digit of t?
3
Suppose -2*m - 2 = -3*m. What is the units digit of m?
2
Let y(a) = 2*a + 4. Let o be y(3). Suppose 3*s + o = 25. What is the units digit of s?
5
Let j = -12 - -17. Suppose 0 = -j*t + 49 + 16. What is the units digit of t?
3
Let k(c) = c**2 - c + 24. Let n be (-5)/((-5)/(-2)) + 2. Let b be k(n). Suppose 2*a - 4*l - 21 - 9 = 0, 2*l = 2*a - b. What is the units digit of a?
9
What is the units digit of (-4)/10 - 94/(-10)?
9
Let g = 179 - 127. What is the tens digit of g?
5
Let u(q) = -q**3 + 9*q**2 + 10*q - 6. Let d be u(10). Let b(c) = c**2 + 4*c - 1. What is the units digit of b(d)?
1
Let y(i) = i**3 + 15*i**2 + 29*i - 6. What is the tens digit of y(-12)?
7
Suppose 130 = 8*y - 70. What is the tens digit of y?
2
Let f be (-3 + 1)/(-2) - 226. Let k be f/21 - 6/21. Let d = k + 17. What is the units digit of d?
6
Suppose -2 - 3 = -t. Suppose v - 2*v + f = -19, -11 = v + t*f. What is the units digit of v?
4
Suppose 0 = 3*x + 1 + 2. Let s = 2 - x. What is the units digit of s?
3
Let s(q) = -2*q**2 - 6*q. Let a be 30/(-7) - 4/(-14). Let x be s(a). What is the units digit of x/(-3) - 4/6?
2
Let z(p) = -7*p**3 + 3*p + 10. Let h(f) = -4*f**3 + 2*f + 5. Let y(k) = -5*h(k) + 3*z(k). What is the units digit of y(0)?
5
Let m(d) = 31*d - 7. What is the units digit of m(3)?
6
Let a be (4/3)/((-2)/(-117)). Let b be (6/9)/(2/a). Suppose -3*f + b - 2 = 0. What is the units digit of f?
8
Let j = 9 - -18. Let o = j + -13. What is the tens digit of o?
1
Let u(f) = -f**3 - 6*f**2 - 7*f - 8. Let i be u(-5). Suppose -i*c - 24 = -84. What is the units digit of c?
0
Let b = 18 - -5. What is the units digit of b?
3
Suppose -k + 4 = k. Suppose k = -r + 3. What is the units digit of r?
1
Let l(y) = 7*y**3 + 16*y**2 - 3*y + 5. Let r(k) = 15*k**3 + 33*k**2 - 5*k + 10. Let m(t) = -13*l(t) + 6*r(t). What is the tens digit of m(-11)?
1
Let f(w) = 147*w**2 - 9 - 141*w**2 - w - w + w**3. Suppose b = -3*b + 4*q - 20, -5*q + 1 = -b. What is the units digit of f(b)?
3
What is the tens digit of (-2 - 166)*(-2)/4?
8
Let y = -12 + -3. Let h be (24/y)/((-4)/10). Let j = h + -3. What is the units digit of j?
1
Let m(i) = -i**3 + 14*i**2 + 14*i. What is the units digit of m(14)?
6
Let d(o) = o + 22. What is the units digit of d(17)?
9
Let m(j) = -5*j - 1. Let v(y) = -y + 3. Let z be v(5). Let b be m(z). What is the units digit of (4/(-3))/((-3)/b)?
4
Let a(i) = -i**2 - 5*i - 4. Let l be a(-6). Let u be (19/19)/((-1)/(-20)). Let q = u + l. What is the units digit of q?
0
Let q = 20 + -11. What is the units digit of q?
9
Let g = -68 - -97. What is the tens digit of g?
2
Suppose n = -0*n + 40. Suppose 5*p - n = -0*p. What is the units digit of p?
8
Let z = 27 - 24. Suppose 0 = 3*u + z*a - 93, -4*a = 5*u - 231 + 77. What is the units digit of u?
0
Suppose 3*r = -r + 12. Let h = r + -1. Suppose h*v = 7*v - 65. What is the units digit of v?
3
Suppose -s + 23 - 143 = 0. Let m = -82 - s. What is the tens digit of m?
3
Suppose -4*y + 13 = -15. Let x(l) = l**2 - 6*l - 1. What is the units digit of x(y)?
6
Let u(k) = 13*k - 3. What is the tens digit of u(2)?
2
Let z(p) = -3*p**2 - 2*p - 1. Let j be z(-1). Let h be (-2 - j) + 6 + 2. Let g = h - 2. What is the units digit of g?
6
Let f = -6 + 16. Let p(a) = -3*a**2 - 9*a - 7 + a**2 + 5*a**2 - 2*a**2. What is the units digit of p(f)?
3
Suppose -5*x + 2*x + 4*r + 413 = 0, 262 = 2*x + 4*r. What is the units digit of x?
5
Let w(n) = n**3 + 4*n**2 - 4*n + 7. Let i be w(-5). Let z(r) = -6 - r + 2*r**2 + 8 - r. What is the units digit of z(i)?
6
Let q(n) = -n**3 + n**2 - n + 2. Let f be q(0). Suppose 0*b - 40 = -f*b. Let v = b - 3. What is the units digit of v?
7
Let f(i) be the third derivative of -i**5/60 - 5*i**4/24 - i**3/2 - 4*i**2. What is the units digit of f(-3)?
3
Let w(t) = t**2 + 12*t. What is the units digit of w(-13)?
3
Let m = 50 + -24. What is the tens digit of m?
2
Suppose 4*p - 116 = -5*f, -9 = -4*f + 3*p + 59. What is the units digit of f?
0
Suppose 0 = 4*z - 4*s - 496, -4*z + 126 = -2*s - 378. What is the hundreds digit of z?
1
Let j = 108 + -60. What is the units digit of j?
8
Suppose d - 33 = -4*j, 3*d - 2*d = 3*j - 30. What is t